{"id":123,"date":"2016-02-17T03:28:41","date_gmt":"2016-02-17T02:28:41","guid":{"rendered":"http:\/\/ugl-muenchhausen.de\/?page_id=123"},"modified":"2016-02-17T03:28:41","modified_gmt":"2016-02-17T02:28:41","slug":"bedarfsgerechte-angebote-fuer-jugendliche-auch-fuer-junge-fluechtlinge","status":"publish","type":"page","link":"https:\/\/ugl-muenchhausen.de\/?page_id=123","title":{"rendered":"Bedarfsgerechte Angebote f\u00fcr Jugendliche &#8211; auch f\u00fcr junge Fl\u00fcchtlinge"},"content":{"rendered":"<p><strong>Wir wollen ein M\u00fcnchhausen \u2026<\/strong><\/p>\n<p><strong>\u2026 in dem die Vereine und die Jugendf\u00f6rderung Nordkreis gemeinsam bedarfsgerechte Angebote f\u00fcr Jugendliche \u2013 auch f\u00fcr junge Fl\u00fcchtlinge \u2013 gestalten k\u00f6nnen<\/strong><\/p>\n<p>Die F\u00f6rderung unserer Vereine und insbesondere deren Jugendarbeit liegt der Gemeinde M\u00fcnchhausen schon lange Jahre am Herzen. Diese freiwillige Leistung ist auch in Zeiten knapper Kassen unbedingt fortzuf\u00fchren, weil die Vereine zum einen ihren schon hier lebenden Mitgliedern eine sinnvolle Bet\u00e4tigung bieten, zum anderen aber auch den nach M\u00fcnchhausen kommenden Fl\u00fcchtlingen eine Br\u00fccke zur Beteiligung am d\u00f6rflichen Zusammenleben bauen k\u00f6nnen, denn nirgendwo gelingt Integration auf so einfache Art und Weise wie bei gemeinsamem Sport und Spiel.<\/p>\n<p>Aufgabe der Jugendf\u00f6rderung Nordkreis muss es sein, Angebote f\u00fcr Kinder und Jugendliche zu entwickeln, die sich in Vereinen nicht oder noch nicht engagieren wollen oder k\u00f6nnen. So kann die Jugendpflege Nordkreis etwa gemeinsame Aktivit\u00e4ten junger Menschen, die schon l\u00e4nger hier wohnen mit solchen, die erst k\u00fcrzlich nach M\u00fcnchhausen gekommen sind, ansto\u00dfen und so m\u00f6glicherweise bestehende Barrieren abbauen. Daneben muss nach M\u00f6glichkeiten gesucht werden, wie die Jugendpflege die Integrationsaufgabe der Vereine unterst\u00fctzen kann.<\/p>\n","protected":false},"excerpt":{"rendered":"<p>Wir wollen ein M\u00fcnchhausen \u2026 \u2026 in dem die Vereine und die Jugendf\u00f6rderung Nordkreis gemeinsam bedarfsgerechte Angebote f\u00fcr Jugendliche \u2013 auch f\u00fcr junge Fl\u00fcchtlinge \u2013 gestalten k\u00f6nnen Die F\u00f6rderung unserer Vereine und insbesondere deren Jugendarbeit liegt der Gemeinde M\u00fcnchhausen schon lange Jahre am Herzen. Diese freiwillige Leistung ist auch in Zeiten knapper Kassen unbedingt fortzuf\u00fchren, [&hellip;]<\/p>\n","protected":false},"author":1,"featured_media":0,"parent":102,"menu_order":0,"comment_status":"closed","ping_status":"closed","template":"","meta":{"footnotes":""},"categories":[],"tags":[],"class_list":["post-123","page","type-page","status-publish","hentry"],"_links":{"self":[{"href":"https:\/\/ugl-muenchhausen.de\/index.php?rest_route=\/wp\/v2\/pages\/123","targetHints":{"allow":["GET"]}}],"collection":[{"href":"https:\/\/ugl-muenchhausen.de\/index.php?rest_route=\/wp\/v2\/pages"}],"about":[{"href":"https:\/\/ugl-muenchhausen.de\/index.php?rest_route=\/wp\/v2\/types\/page"}],"author":[{"embeddable":true,"href":"https:\/\/ugl-muenchhausen.de\/index.php?rest_route=\/wp\/v2\/users\/1"}],"replies":[{"embeddable":true,"href":"https:\/\/ugl-muenchhausen.de\/index.php?rest_route=%2Fwp%2Fv2%2Fcomments&post=123"}],"version-history":[{"count":1,"href":"https:\/\/ugl-muenchhausen.de\/index.php?rest_route=\/wp\/v2\/pages\/123\/revisions"}],"predecessor-version":[{"id":124,"href":"https:\/\/ugl-muenchhausen.de\/index.php?rest_route=\/wp\/v2\/pages\/123\/revisions\/124"}],"up":[{"embeddable":true,"href":"https:\/\/ugl-muenchhausen.de\/index.php?rest_route=\/wp\/v2\/pages\/102"}],"wp:attachment":[{"href":"https:\/\/ugl-muenchhausen.de\/index.php?rest_route=%2Fwp%2Fv2%2Fmedia&parent=123"}],"wp:term":[{"taxonomy":"category","embeddable":true,"href":"https:\/\/ugl-muenchhausen.de\/index.php?rest_route=%2Fwp%2Fv2%2Fcategories&post=123"},{"taxonomy":"post_tag","embeddable":true,"href":"https:\/\/ugl-muenchhausen.de\/index.php?rest_route=%2Fwp%2Fv2%2Ftags&post=123"}],"curies":[{"name":"wp","href":"https:\/\/api.w.org\/{rel}","templated":true}]}}