{"id":125,"date":"2016-02-17T03:27:57","date_gmt":"2016-02-17T02:27:57","guid":{"rendered":"http:\/\/ugl-muenchhausen.de\/?page_id=125"},"modified":"2016-02-17T03:27:57","modified_gmt":"2016-02-17T02:27:57","slug":"offen-gegenueber-fluechtlingen","status":"publish","type":"page","link":"https:\/\/ugl-muenchhausen.de\/?page_id=125","title":{"rendered":"Offen gegen\u00fcber Fl\u00fcchtlingen"},"content":{"rendered":"<p><strong>Wir wollen ein M\u00fcnchhausen \u2026<\/strong><\/p>\n<p><strong>\u2026 das offen gegen\u00fcber Fl\u00fcchtlingen ist und ihnen die Chance zur Integration er\u00f6ffnet<\/strong><\/p>\n<p>Die Bew\u00e4ltigung der Fl\u00fcchtlingskrise ist eine der wichtigsten Fragen unserer Zeit. Probleme der gro\u00dfen Weltpolitik wirken sich unmittelbar auf das Zusammenleben in unseren D\u00f6rfern aus, wenn man so will auch ein Zeichen f\u00fcr das Zusammenr\u00fccken der Welt, die Globalisierung.<\/p>\n<p>Es steht f\u00fcr uns au\u00dfer Frage, dass sich die Gemeinde M\u00fcnchhausen auch zuk\u00fcnftig der zu uns kommenden Schutzsuchenden annehmen muss. Sie tut auch jetzt schon viel, um den Fl\u00fcchtlingen aus den Krisengebieten der Welt einen guten Neustart in M\u00fcnchhausen zu erm\u00f6glichen.<\/p>\n<p>Ob aber das Zusammenleben auch mittel- und ggf. langfristig gelingt, h\u00e4ngt viel von jeder und jedem Einzelnen ab. Die Gemeinde M\u00fcnchhausen muss daher auch weiterhin das Engagement vieler ehrenamtlicher Helferinnen und Helfer unterst\u00fctzen, so dass Integration m\u00f6glich wird.<\/p>\n","protected":false},"excerpt":{"rendered":"<p>Wir wollen ein M\u00fcnchhausen \u2026 \u2026 das offen gegen\u00fcber Fl\u00fcchtlingen ist und ihnen die Chance zur Integration er\u00f6ffnet Die Bew\u00e4ltigung der Fl\u00fcchtlingskrise ist eine der wichtigsten Fragen unserer Zeit. Probleme der gro\u00dfen Weltpolitik wirken sich unmittelbar auf das Zusammenleben in unseren D\u00f6rfern aus, wenn man so will auch ein Zeichen f\u00fcr das Zusammenr\u00fccken der Welt, [&hellip;]<\/p>\n","protected":false},"author":1,"featured_media":0,"parent":102,"menu_order":0,"comment_status":"closed","ping_status":"closed","template":"","meta":{"footnotes":""},"categories":[],"tags":[],"class_list":["post-125","page","type-page","status-publish","hentry"],"_links":{"self":[{"href":"https:\/\/ugl-muenchhausen.de\/index.php?rest_route=\/wp\/v2\/pages\/125","targetHints":{"allow":["GET"]}}],"collection":[{"href":"https:\/\/ugl-muenchhausen.de\/index.php?rest_route=\/wp\/v2\/pages"}],"about":[{"href":"https:\/\/ugl-muenchhausen.de\/index.php?rest_route=\/wp\/v2\/types\/page"}],"author":[{"embeddable":true,"href":"https:\/\/ugl-muenchhausen.de\/index.php?rest_route=\/wp\/v2\/users\/1"}],"replies":[{"embeddable":true,"href":"https:\/\/ugl-muenchhausen.de\/index.php?rest_route=%2Fwp%2Fv2%2Fcomments&post=125"}],"version-history":[{"count":1,"href":"https:\/\/ugl-muenchhausen.de\/index.php?rest_route=\/wp\/v2\/pages\/125\/revisions"}],"predecessor-version":[{"id":126,"href":"https:\/\/ugl-muenchhausen.de\/index.php?rest_route=\/wp\/v2\/pages\/125\/revisions\/126"}],"up":[{"embeddable":true,"href":"https:\/\/ugl-muenchhausen.de\/index.php?rest_route=\/wp\/v2\/pages\/102"}],"wp:attachment":[{"href":"https:\/\/ugl-muenchhausen.de\/index.php?rest_route=%2Fwp%2Fv2%2Fmedia&parent=125"}],"wp:term":[{"taxonomy":"category","embeddable":true,"href":"https:\/\/ugl-muenchhausen.de\/index.php?rest_route=%2Fwp%2Fv2%2Fcategories&post=125"},{"taxonomy":"post_tag","embeddable":true,"href":"https:\/\/ugl-muenchhausen.de\/index.php?rest_route=%2Fwp%2Fv2%2Ftags&post=125"}],"curies":[{"name":"wp","href":"https:\/\/api.w.org\/{rel}","templated":true}]}}