{"id":1439,"date":"2026-01-27T03:57:26","date_gmt":"2026-01-27T02:57:26","guid":{"rendered":"https:\/\/ugl-muenchhausen.de\/?page_id=1439"},"modified":"2026-02-20T01:41:54","modified_gmt":"2026-02-20T00:41:54","slug":"vorstellung-der-kandidatinnen-und-kandidaten","status":"publish","type":"page","link":"https:\/\/ugl-muenchhausen.de\/?page_id=1439","title":{"rendered":"Vorstellung der Kandidatinnen und Kandidaten"},"content":{"rendered":"\n<div class=\"wp-block-columns is-layout-flex wp-container-core-columns-is-layout-9d6595d7 wp-block-columns-is-layout-flex\">\n<div class=\"wp-block-column is-layout-flow wp-block-column-is-layout-flow\">\n<figure class=\"wp-block-image size-large\"><img loading=\"lazy\" decoding=\"async\" width=\"683\" height=\"1024\" src=\"https:\/\/ugl-muenchhausen.de\/wp-content\/uploads\/2026\/01\/Lena-2026-683x1024.jpg\" alt=\"\" class=\"wp-image-1445\" srcset=\"https:\/\/ugl-muenchhausen.de\/wp-content\/uploads\/2026\/01\/Lena-2026-683x1024.jpg 683w, https:\/\/ugl-muenchhausen.de\/wp-content\/uploads\/2026\/01\/Lena-2026-200x300.jpg 200w, https:\/\/ugl-muenchhausen.de\/wp-content\/uploads\/2026\/01\/Lena-2026-768x1152.jpg 768w, https:\/\/ugl-muenchhausen.de\/wp-content\/uploads\/2026\/01\/Lena-2026-624x936.jpg 624w, https:\/\/ugl-muenchhausen.de\/wp-content\/uploads\/2026\/01\/Lena-2026.jpg 1024w\" sizes=\"auto, (max-width: 683px) 100vw, 683px\" \/><\/figure>\n<\/div>\n\n\n\n<div class=\"wp-block-column is-layout-flow wp-block-column-is-layout-flow\">\n<p style=\"font-size:18px\"><strong>Lena Siemon Marques<\/strong><\/p>\n\n\n\n<p>Ich m\u00f6chte mich auch zuk\u00fcnftig insbesondere f\u00fcr zuverl\u00e4ssige Kinderbetreuung und Klimaschutz einsetzen. In den letzten Jahren konnten wir hier als Fraktion bereits viel erreichen, z.B. mit dem von uns angesto\u00dfenen KiTa-Konzept, durch Veranstaltungen und durch unsere Mitarbeit in der Klimakommission. Angesichts der turbulenten Weltpolitik finde ich Engagement vor Ort besonders wichtig, damit das Vertrauen in die Politik nicht weiter zerf\u00e4llt.<\/p>\n<\/div>\n<\/div>\n\n\n\n<div class=\"wp-block-columns is-layout-flex wp-container-core-columns-is-layout-9d6595d7 wp-block-columns-is-layout-flex\">\n<div class=\"wp-block-column is-layout-flow wp-block-column-is-layout-flow\">\n<figure class=\"wp-block-image size-large\"><img loading=\"lazy\" decoding=\"async\" width=\"683\" height=\"1024\" src=\"https:\/\/ugl-muenchhausen.de\/wp-content\/uploads\/2026\/01\/Burkhard-2026-683x1024.jpg\" alt=\"\" class=\"wp-image-1441\" srcset=\"https:\/\/ugl-muenchhausen.de\/wp-content\/uploads\/2026\/01\/Burkhard-2026-683x1024.jpg 683w, https:\/\/ugl-muenchhausen.de\/wp-content\/uploads\/2026\/01\/Burkhard-2026-200x300.jpg 200w, https:\/\/ugl-muenchhausen.de\/wp-content\/uploads\/2026\/01\/Burkhard-2026-768x1152.jpg 768w, https:\/\/ugl-muenchhausen.de\/wp-content\/uploads\/2026\/01\/Burkhard-2026-624x936.jpg 624w, https:\/\/ugl-muenchhausen.de\/wp-content\/uploads\/2026\/01\/Burkhard-2026.jpg 1024w\" sizes=\"auto, (max-width: 683px) 100vw, 683px\" \/><\/figure>\n<\/div>\n\n\n\n<div class=\"wp-block-column is-layout-flow wp-block-column-is-layout-flow\">\n<p style=\"font-size:18px\"><strong>Burkhard Viehl<\/strong><\/p>\n\n\n\n<p>Das Weltgeschehen ist in Aufruhr! Es ist umso wichtiger einen klaren Kopf vor Ort zu bewahren und das notwendige, sinnvolle und existenzielle im Blick zu behalten! Ich m\u00f6chte meine Vorstellungen f\u00fcr eine zukunftsf\u00e4hige, sozial-\u00f6kologische Gemeindepolitik in der Gemeindevertretung, der Klimakommission und im Sozial-\/Jugend-\/ Kultur und Sportausschuss fortsetzen! Mein Engagement ist demokratisch gepr\u00e4gt und strebt immer L\u00f6sungen f\u00fcr das Gemeinwohl der Menschen aller Altersgruppen in der Gro\u00dfgemeinde M\u00fcnchhausen an!<\/p>\n<\/div>\n<\/div>\n\n\n\n<div class=\"wp-block-columns is-layout-flex wp-container-core-columns-is-layout-9d6595d7 wp-block-columns-is-layout-flex\">\n<div class=\"wp-block-column is-layout-flow wp-block-column-is-layout-flow\">\n<figure class=\"wp-block-image size-large\"><img loading=\"lazy\" decoding=\"async\" width=\"683\" height=\"1024\" src=\"https:\/\/ugl-muenchhausen.de\/wp-content\/uploads\/2026\/01\/Ulrike-2026-683x1024.jpg\" alt=\"\" class=\"wp-image-1449\" srcset=\"https:\/\/ugl-muenchhausen.de\/wp-content\/uploads\/2026\/01\/Ulrike-2026-683x1024.jpg 683w, https:\/\/ugl-muenchhausen.de\/wp-content\/uploads\/2026\/01\/Ulrike-2026-200x300.jpg 200w, https:\/\/ugl-muenchhausen.de\/wp-content\/uploads\/2026\/01\/Ulrike-2026-768x1152.jpg 768w, https:\/\/ugl-muenchhausen.de\/wp-content\/uploads\/2026\/01\/Ulrike-2026-624x936.jpg 624w, https:\/\/ugl-muenchhausen.de\/wp-content\/uploads\/2026\/01\/Ulrike-2026.jpg 1024w\" sizes=\"auto, (max-width: 683px) 100vw, 683px\" \/><\/figure>\n<\/div>\n\n\n\n<div class=\"wp-block-column is-layout-flow wp-block-column-is-layout-flow\">\n<p style=\"font-size:18px\"><strong>Ulrike Mann<\/strong><\/p>\n\n\n\n<p>Die letzten f\u00fcnf Jahre haben mir gezeigt, wie viel man auch als kleine Fraktion in einem demokratischen Parlament bewirken und ansto\u00dfen kann. Das motiviert mich, erneut f\u00fcr die UGL anzutreten. Ich habe privat und beruflich mit vielen jungen Menschen zu tun. Daher liegt mir ein bewusster Umgang mit unseren lebenswichtigen Ressourcen, sowie deren Erhalt f\u00fcr die zuk\u00fcnftigen Generationen sehr am Herzen. Daf\u00fcr m\u00f6chte ich mich engagieren.<\/p>\n<\/div>\n<\/div>\n\n\n\n<div class=\"wp-block-columns is-layout-flex wp-container-core-columns-is-layout-9d6595d7 wp-block-columns-is-layout-flex\">\n<div class=\"wp-block-column is-layout-flow wp-block-column-is-layout-flow\">\n<figure class=\"wp-block-image size-large\"><img loading=\"lazy\" decoding=\"async\" width=\"683\" height=\"1024\" src=\"https:\/\/ugl-muenchhausen.de\/wp-content\/uploads\/2026\/01\/Gila-2026-683x1024.jpg\" alt=\"\" class=\"wp-image-1444\" srcset=\"https:\/\/ugl-muenchhausen.de\/wp-content\/uploads\/2026\/01\/Gila-2026-683x1024.jpg 683w, https:\/\/ugl-muenchhausen.de\/wp-content\/uploads\/2026\/01\/Gila-2026-200x300.jpg 200w, https:\/\/ugl-muenchhausen.de\/wp-content\/uploads\/2026\/01\/Gila-2026-768x1152.jpg 768w, https:\/\/ugl-muenchhausen.de\/wp-content\/uploads\/2026\/01\/Gila-2026-624x936.jpg 624w, https:\/\/ugl-muenchhausen.de\/wp-content\/uploads\/2026\/01\/Gila-2026.jpg 1024w\" sizes=\"auto, (max-width: 683px) 100vw, 683px\" \/><\/figure>\n<\/div>\n\n\n\n<div class=\"wp-block-column is-layout-flow wp-block-column-is-layout-flow\">\n<p style=\"font-size:18px\"><strong>Gisela Wieland<\/strong><\/p>\n\n\n\n<p>Unsere Demokratie gibt uns die Chance, das Zusammenleben vor Ort mitzugestalten. Deshalb engagiere ich mich in der Kommunalpolitik. Mir ist wichtig, dass m\u00f6glichst viele Leute geh\u00f6rt und Entscheidungen transparent getroffen werden. Ich sehe auch innerhalb unserer Gemeinde Klima- und Umweltschutz als M\u00f6glichkeit, unsere Zukunft positiv zu ver\u00e4ndern.<\/p>\n<\/div>\n<\/div>\n\n\n\n<div class=\"wp-block-columns is-layout-flex wp-container-core-columns-is-layout-9d6595d7 wp-block-columns-is-layout-flex\">\n<div class=\"wp-block-column is-layout-flow wp-block-column-is-layout-flow\">\n<figure class=\"wp-block-image size-large\"><img loading=\"lazy\" decoding=\"async\" width=\"683\" height=\"1024\" src=\"https:\/\/ugl-muenchhausen.de\/wp-content\/uploads\/2026\/01\/Michaela-2026-683x1024.jpg\" alt=\"\" class=\"wp-image-1446\" srcset=\"https:\/\/ugl-muenchhausen.de\/wp-content\/uploads\/2026\/01\/Michaela-2026-683x1024.jpg 683w, https:\/\/ugl-muenchhausen.de\/wp-content\/uploads\/2026\/01\/Michaela-2026-200x300.jpg 200w, https:\/\/ugl-muenchhausen.de\/wp-content\/uploads\/2026\/01\/Michaela-2026-768x1151.jpg 768w, https:\/\/ugl-muenchhausen.de\/wp-content\/uploads\/2026\/01\/Michaela-2026-1025x1536.jpg 1025w, https:\/\/ugl-muenchhausen.de\/wp-content\/uploads\/2026\/01\/Michaela-2026-1366x2048.jpg 1366w, https:\/\/ugl-muenchhausen.de\/wp-content\/uploads\/2026\/01\/Michaela-2026-624x935.jpg 624w, https:\/\/ugl-muenchhausen.de\/wp-content\/uploads\/2026\/01\/Michaela-2026-scaled.jpg 1708w\" sizes=\"auto, (max-width: 683px) 100vw, 683px\" \/><\/figure>\n<\/div>\n\n\n\n<div class=\"wp-block-column is-layout-flow wp-block-column-is-layout-flow\">\n<p style=\"font-size:18px\"><strong>Michaela Walter<\/strong><\/p>\n\n\n\n<p style=\"font-size:16px\">Ich bin so froh, in unserer Demokratie leben zu k\u00f6nnen und m\u00f6chte mich deshalb gerne aktiv f\u00fcr unser Gemeinwohl einsetzen. Im Ortsbeirat Simtshausen versuche ich das bereits seit 10 Jahren.&nbsp;<br>Mir ist wichtig, dass politische Entscheidungen m\u00f6glichst b\u00fcrger:innennah und nachhaltig getroffen werden.<\/p>\n<\/div>\n<\/div>\n\n\n\n<div class=\"wp-block-columns is-layout-flex wp-container-core-columns-is-layout-9d6595d7 wp-block-columns-is-layout-flex\">\n<div class=\"wp-block-column is-layout-flow wp-block-column-is-layout-flow\">\n<figure class=\"wp-block-image size-large\"><img loading=\"lazy\" decoding=\"async\" width=\"683\" height=\"1024\" src=\"https:\/\/ugl-muenchhausen.de\/wp-content\/uploads\/2026\/01\/Nina-2026-683x1024.jpg\" alt=\"\" class=\"wp-image-1447\" srcset=\"https:\/\/ugl-muenchhausen.de\/wp-content\/uploads\/2026\/01\/Nina-2026-683x1024.jpg 683w, https:\/\/ugl-muenchhausen.de\/wp-content\/uploads\/2026\/01\/Nina-2026-200x300.jpg 200w, https:\/\/ugl-muenchhausen.de\/wp-content\/uploads\/2026\/01\/Nina-2026-768x1152.jpg 768w, https:\/\/ugl-muenchhausen.de\/wp-content\/uploads\/2026\/01\/Nina-2026-624x936.jpg 624w, https:\/\/ugl-muenchhausen.de\/wp-content\/uploads\/2026\/01\/Nina-2026.jpg 1024w\" sizes=\"auto, (max-width: 683px) 100vw, 683px\" \/><\/figure>\n<\/div>\n\n\n\n<div class=\"wp-block-column is-layout-flow wp-block-column-is-layout-flow\">\n<p style=\"font-size:18px\"><strong>Nina Gromes<\/strong><\/p>\n\n\n\n<p>Umwelt- und Klimaschutz, der Erhalt demokratischer Grundwerte und Teilhabe f\u00fcr alle sind f\u00fcr mich essentiell f\u00fcr eine lebenswerte Zukunft aller Generationen. Gerade auf kommunaler Ebene ist es m\u00f6glich, Themen einzubringen und direkt etwas zu bewirken f\u00fcr das Leben vor Ort. Daf\u00fcr m\u00f6chte ich mich engagieren.<\/p>\n<\/div>\n<\/div>\n\n\n\n<div class=\"wp-block-columns is-layout-flex wp-container-core-columns-is-layout-9d6595d7 wp-block-columns-is-layout-flex\">\n<div class=\"wp-block-column is-layout-flow wp-block-column-is-layout-flow\">\n<figure class=\"wp-block-image size-large\"><img loading=\"lazy\" decoding=\"async\" width=\"683\" height=\"1024\" src=\"https:\/\/ugl-muenchhausen.de\/wp-content\/uploads\/2026\/01\/Christiane-2026-683x1024.jpg\" alt=\"\" class=\"wp-image-1442\" srcset=\"https:\/\/ugl-muenchhausen.de\/wp-content\/uploads\/2026\/01\/Christiane-2026-683x1024.jpg 683w, https:\/\/ugl-muenchhausen.de\/wp-content\/uploads\/2026\/01\/Christiane-2026-200x300.jpg 200w, https:\/\/ugl-muenchhausen.de\/wp-content\/uploads\/2026\/01\/Christiane-2026-768x1151.jpg 768w, https:\/\/ugl-muenchhausen.de\/wp-content\/uploads\/2026\/01\/Christiane-2026-1025x1536.jpg 1025w, https:\/\/ugl-muenchhausen.de\/wp-content\/uploads\/2026\/01\/Christiane-2026-1367x2048.jpg 1367w, https:\/\/ugl-muenchhausen.de\/wp-content\/uploads\/2026\/01\/Christiane-2026-624x935.jpg 624w, https:\/\/ugl-muenchhausen.de\/wp-content\/uploads\/2026\/01\/Christiane-2026-scaled.jpg 1708w\" sizes=\"auto, (max-width: 683px) 100vw, 683px\" \/><\/figure>\n<\/div>\n\n\n\n<div class=\"wp-block-column is-layout-flow wp-block-column-is-layout-flow\">\n<p style=\"font-size:18px\"><strong>Christiane H\u00f6cker<\/strong><\/p>\n<\/div>\n<\/div>\n\n\n\n<div class=\"wp-block-columns is-layout-flex wp-container-core-columns-is-layout-9d6595d7 wp-block-columns-is-layout-flex\">\n<div class=\"wp-block-column is-layout-flow wp-block-column-is-layout-flow\">\n<figure class=\"wp-block-image size-large\"><img loading=\"lazy\" decoding=\"async\" width=\"683\" height=\"1024\" src=\"https:\/\/ugl-muenchhausen.de\/wp-content\/uploads\/2026\/01\/Reiner-2026-683x1024.jpg\" alt=\"\" class=\"wp-image-1448\" srcset=\"https:\/\/ugl-muenchhausen.de\/wp-content\/uploads\/2026\/01\/Reiner-2026-683x1024.jpg 683w, https:\/\/ugl-muenchhausen.de\/wp-content\/uploads\/2026\/01\/Reiner-2026-200x300.jpg 200w, https:\/\/ugl-muenchhausen.de\/wp-content\/uploads\/2026\/01\/Reiner-2026-768x1152.jpg 768w, https:\/\/ugl-muenchhausen.de\/wp-content\/uploads\/2026\/01\/Reiner-2026-624x936.jpg 624w, https:\/\/ugl-muenchhausen.de\/wp-content\/uploads\/2026\/01\/Reiner-2026.jpg 1024w\" sizes=\"auto, (max-width: 683px) 100vw, 683px\" \/><\/figure>\n<\/div>\n\n\n\n<div class=\"wp-block-column is-layout-flow wp-block-column-is-layout-flow\">\n<p style=\"font-size:18px\"><strong>Reiner Naumann<\/strong><\/p>\n<\/div>\n<\/div>\n\n\n\n<div class=\"wp-block-columns is-layout-flex wp-container-core-columns-is-layout-9d6595d7 wp-block-columns-is-layout-flex\">\n<div class=\"wp-block-column is-layout-flow wp-block-column-is-layout-flow\">\n<figure class=\"wp-block-image size-large\"><img loading=\"lazy\" decoding=\"async\" width=\"683\" height=\"1024\" src=\"https:\/\/ugl-muenchhausen.de\/wp-content\/uploads\/2026\/01\/Dorle-2026-683x1024.jpg\" alt=\"\" class=\"wp-image-1443\" srcset=\"https:\/\/ugl-muenchhausen.de\/wp-content\/uploads\/2026\/01\/Dorle-2026-683x1024.jpg 683w, https:\/\/ugl-muenchhausen.de\/wp-content\/uploads\/2026\/01\/Dorle-2026-200x300.jpg 200w, https:\/\/ugl-muenchhausen.de\/wp-content\/uploads\/2026\/01\/Dorle-2026-768x1152.jpg 768w, https:\/\/ugl-muenchhausen.de\/wp-content\/uploads\/2026\/01\/Dorle-2026-624x936.jpg 624w, https:\/\/ugl-muenchhausen.de\/wp-content\/uploads\/2026\/01\/Dorle-2026.jpg 1024w\" sizes=\"auto, (max-width: 683px) 100vw, 683px\" \/><\/figure>\n<\/div>\n\n\n\n<div class=\"wp-block-column is-layout-flow wp-block-column-is-layout-flow\">\n<p style=\"font-size:18px\"><strong>Theodora Ter\u00f6rde<\/strong><\/p>\n<\/div>\n<\/div>\n","protected":false},"excerpt":{"rendered":"<p>Lena Siemon Marques Ich m\u00f6chte mich auch zuk\u00fcnftig insbesondere f\u00fcr zuverl\u00e4ssige Kinderbetreuung und Klimaschutz einsetzen. In den letzten Jahren konnten wir hier als Fraktion bereits viel erreichen, z.B. mit dem von uns angesto\u00dfenen KiTa-Konzept, durch Veranstaltungen und durch unsere Mitarbeit in der Klimakommission. Angesichts der turbulenten Weltpolitik finde ich Engagement vor Ort besonders wichtig, damit [&hellip;]<\/p>\n","protected":false},"author":1,"featured_media":0,"parent":1405,"menu_order":0,"comment_status":"closed","ping_status":"closed","template":"","meta":{"footnotes":""},"categories":[7],"tags":[],"class_list":["post-1439","page","type-page","status-publish","hentry","category-2026-wahl"],"_links":{"self":[{"href":"https:\/\/ugl-muenchhausen.de\/index.php?rest_route=\/wp\/v2\/pages\/1439","targetHints":{"allow":["GET"]}}],"collection":[{"href":"https:\/\/ugl-muenchhausen.de\/index.php?rest_route=\/wp\/v2\/pages"}],"about":[{"href":"https:\/\/ugl-muenchhausen.de\/index.php?rest_route=\/wp\/v2\/types\/page"}],"author":[{"embeddable":true,"href":"https:\/\/ugl-muenchhausen.de\/index.php?rest_route=\/wp\/v2\/users\/1"}],"replies":[{"embeddable":true,"href":"https:\/\/ugl-muenchhausen.de\/index.php?rest_route=%2Fwp%2Fv2%2Fcomments&post=1439"}],"version-history":[{"count":19,"href":"https:\/\/ugl-muenchhausen.de\/index.php?rest_route=\/wp\/v2\/pages\/1439\/revisions"}],"predecessor-version":[{"id":1536,"href":"https:\/\/ugl-muenchhausen.de\/index.php?rest_route=\/wp\/v2\/pages\/1439\/revisions\/1536"}],"up":[{"embeddable":true,"href":"https:\/\/ugl-muenchhausen.de\/index.php?rest_route=\/wp\/v2\/pages\/1405"}],"wp:attachment":[{"href":"https:\/\/ugl-muenchhausen.de\/index.php?rest_route=%2Fwp%2Fv2%2Fmedia&parent=1439"}],"wp:term":[{"taxonomy":"category","embeddable":true,"href":"https:\/\/ugl-muenchhausen.de\/index.php?rest_route=%2Fwp%2Fv2%2Fcategories&post=1439"},{"taxonomy":"post_tag","embeddable":true,"href":"https:\/\/ugl-muenchhausen.de\/index.php?rest_route=%2Fwp%2Fv2%2Ftags&post=1439"}],"curies":[{"name":"wp","href":"https:\/\/api.w.org\/{rel}","templated":true}]}}