{"id":1570,"date":"2026-02-20T02:02:26","date_gmt":"2026-02-20T01:02:26","guid":{"rendered":"https:\/\/ugl-muenchhausen.de\/?page_id=1570"},"modified":"2026-02-20T03:14:37","modified_gmt":"2026-02-20T02:14:37","slug":"naturnahe-und-lokale-bewirtschaftung","status":"publish","type":"page","link":"https:\/\/ugl-muenchhausen.de\/?page_id=1570","title":{"rendered":"Naturnahe und lokale Bewirtschaftung gemeindeeigener Fl\u00e4chen, Insekten- und Grundwasserschutz und Verringerung der Bodenerosion, D\u00fcnger- und Pestizid-Reduzierung."},"content":{"rendered":"\n<p>Klima und Natur liegen uns besonders am Herzen. Wir setzen uns daher f\u00fcr den Schutz der B\u00f6den sowie der Tier- und Pflanzenwelt in M\u00fcnchhausen ein.<\/p>\n\n\n\n<p>Insbesondere landwirtschaftlich genutzte Fl\u00e4chen sollten gesch\u00fctzt werden, damit sie auch in Zukunft noch bewirtschaftet werden k\u00f6nnen. Wir m\u00f6chten f\u00fcr diesen Schutz sensibilisieren, und diesen, wo es auf gemeindeeigenen Fl\u00e4chen m\u00f6glich ist, auch aktiv unterst\u00fctzen.<\/p>\n\n\n\n<button style=\"color: #CC9900; font-weight: bold;\" onclick=\"history.back()\">\u25c4 Zur\u00fcck<\/button>\n\n\n\n<p><\/p>\n","protected":false},"excerpt":{"rendered":"<p>Klima und Natur liegen uns besonders am Herzen. Wir setzen uns daher f\u00fcr den Schutz der B\u00f6den sowie der Tier- und Pflanzenwelt in M\u00fcnchhausen ein. Insbesondere landwirtschaftlich genutzte Fl\u00e4chen sollten gesch\u00fctzt werden, damit sie auch in Zukunft noch bewirtschaftet werden k\u00f6nnen. Wir m\u00f6chten f\u00fcr diesen Schutz sensibilisieren, und diesen, wo es auf gemeindeeigenen Fl\u00e4chen m\u00f6glich [&hellip;]<\/p>\n","protected":false},"author":1,"featured_media":0,"parent":1405,"menu_order":0,"comment_status":"closed","ping_status":"closed","template":"","meta":{"footnotes":""},"categories":[7],"tags":[],"class_list":["post-1570","page","type-page","status-publish","hentry","category-2026-wahl"],"_links":{"self":[{"href":"https:\/\/ugl-muenchhausen.de\/index.php?rest_route=\/wp\/v2\/pages\/1570","targetHints":{"allow":["GET"]}}],"collection":[{"href":"https:\/\/ugl-muenchhausen.de\/index.php?rest_route=\/wp\/v2\/pages"}],"about":[{"href":"https:\/\/ugl-muenchhausen.de\/index.php?rest_route=\/wp\/v2\/types\/page"}],"author":[{"embeddable":true,"href":"https:\/\/ugl-muenchhausen.de\/index.php?rest_route=\/wp\/v2\/users\/1"}],"replies":[{"embeddable":true,"href":"https:\/\/ugl-muenchhausen.de\/index.php?rest_route=%2Fwp%2Fv2%2Fcomments&post=1570"}],"version-history":[{"count":4,"href":"https:\/\/ugl-muenchhausen.de\/index.php?rest_route=\/wp\/v2\/pages\/1570\/revisions"}],"predecessor-version":[{"id":1601,"href":"https:\/\/ugl-muenchhausen.de\/index.php?rest_route=\/wp\/v2\/pages\/1570\/revisions\/1601"}],"up":[{"embeddable":true,"href":"https:\/\/ugl-muenchhausen.de\/index.php?rest_route=\/wp\/v2\/pages\/1405"}],"wp:attachment":[{"href":"https:\/\/ugl-muenchhausen.de\/index.php?rest_route=%2Fwp%2Fv2%2Fmedia&parent=1570"}],"wp:term":[{"taxonomy":"category","embeddable":true,"href":"https:\/\/ugl-muenchhausen.de\/index.php?rest_route=%2Fwp%2Fv2%2Fcategories&post=1570"},{"taxonomy":"post_tag","embeddable":true,"href":"https:\/\/ugl-muenchhausen.de\/index.php?rest_route=%2Fwp%2Fv2%2Ftags&post=1570"}],"curies":[{"name":"wp","href":"https:\/\/api.w.org\/{rel}","templated":true}]}}