{"id":1572,"date":"2026-02-20T02:03:44","date_gmt":"2026-02-20T01:03:44","guid":{"rendered":"https:\/\/ugl-muenchhausen.de\/?page_id=1572"},"modified":"2026-02-20T03:15:30","modified_gmt":"2026-02-20T02:15:30","slug":"flaechenverbrauch-minimieren","status":"publish","type":"page","link":"https:\/\/ugl-muenchhausen.de\/?page_id=1572","title":{"rendered":"Fl\u00e4chenverbrauch minimieren\u00a0durch inner\u00f6rtliches Bauen und Entsiegelung"},"content":{"rendered":"\n<p>Der Fl\u00e4chenverbrauch in Deutschland und auch innerhalb unserer Kommune bleibt weiter gro\u00df. Dabei gehen immer mehr Fl\u00e4chen f\u00fcr Natur und Landwirtschaft verloren. Wir wollen den Fl\u00e4chenverbrauch in unserer Kommune begrenzen, in dem wir inner\u00f6rtliches Bauen unterst\u00fctzen, statt immer neue Baugebiete auszuweisen.<\/p>\n\n\n\n<p>Dar\u00fcber hinaus wollen wir uns, z.B. im Rahmen des Umbaus der B252-alt, f\u00fcr die Entsiegelung von Fl\u00e4chen einsetzen.<\/p>\n\n\n\n<button style=\"color: #CC9900; font-weight: bold;\" onclick=\"history.back()\">\u25c4 Zur\u00fcck<\/button>\n","protected":false},"excerpt":{"rendered":"<p>Der Fl\u00e4chenverbrauch in Deutschland und auch innerhalb unserer Kommune bleibt weiter gro\u00df. Dabei gehen immer mehr Fl\u00e4chen f\u00fcr Natur und Landwirtschaft verloren. Wir wollen den Fl\u00e4chenverbrauch in unserer Kommune begrenzen, in dem wir inner\u00f6rtliches Bauen unterst\u00fctzen, statt immer neue Baugebiete auszuweisen. Dar\u00fcber hinaus wollen wir uns, z.B. im Rahmen des Umbaus der B252-alt, f\u00fcr die [&hellip;]<\/p>\n","protected":false},"author":1,"featured_media":0,"parent":1405,"menu_order":0,"comment_status":"closed","ping_status":"closed","template":"","meta":{"footnotes":""},"categories":[7],"tags":[],"class_list":["post-1572","page","type-page","status-publish","hentry","category-2026-wahl"],"_links":{"self":[{"href":"https:\/\/ugl-muenchhausen.de\/index.php?rest_route=\/wp\/v2\/pages\/1572","targetHints":{"allow":["GET"]}}],"collection":[{"href":"https:\/\/ugl-muenchhausen.de\/index.php?rest_route=\/wp\/v2\/pages"}],"about":[{"href":"https:\/\/ugl-muenchhausen.de\/index.php?rest_route=\/wp\/v2\/types\/page"}],"author":[{"embeddable":true,"href":"https:\/\/ugl-muenchhausen.de\/index.php?rest_route=\/wp\/v2\/users\/1"}],"replies":[{"embeddable":true,"href":"https:\/\/ugl-muenchhausen.de\/index.php?rest_route=%2Fwp%2Fv2%2Fcomments&post=1572"}],"version-history":[{"count":3,"href":"https:\/\/ugl-muenchhausen.de\/index.php?rest_route=\/wp\/v2\/pages\/1572\/revisions"}],"predecessor-version":[{"id":1602,"href":"https:\/\/ugl-muenchhausen.de\/index.php?rest_route=\/wp\/v2\/pages\/1572\/revisions\/1602"}],"up":[{"embeddable":true,"href":"https:\/\/ugl-muenchhausen.de\/index.php?rest_route=\/wp\/v2\/pages\/1405"}],"wp:attachment":[{"href":"https:\/\/ugl-muenchhausen.de\/index.php?rest_route=%2Fwp%2Fv2%2Fmedia&parent=1572"}],"wp:term":[{"taxonomy":"category","embeddable":true,"href":"https:\/\/ugl-muenchhausen.de\/index.php?rest_route=%2Fwp%2Fv2%2Fcategories&post=1572"},{"taxonomy":"post_tag","embeddable":true,"href":"https:\/\/ugl-muenchhausen.de\/index.php?rest_route=%2Fwp%2Fv2%2Ftags&post=1572"}],"curies":[{"name":"wp","href":"https:\/\/api.w.org\/{rel}","templated":true}]}}