{"id":1622,"date":"2026-02-20T04:17:59","date_gmt":"2026-02-20T03:17:59","guid":{"rendered":"https:\/\/ugl-muenchhausen.de\/?page_id=1622"},"modified":"2026-02-20T04:17:59","modified_gmt":"2026-02-20T03:17:59","slug":"austausch-zwischen-kommunalen-gremien-und-elternvertreterinnen-aus-kitas-und-schule-staerken","status":"publish","type":"page","link":"https:\/\/ugl-muenchhausen.de\/?page_id=1622","title":{"rendered":"Austausch zwischen kommunalen Gremien und Elternvertreter*innen aus KiTas und Schule st\u00e4rken\u00a0"},"content":{"rendered":"\n<p>Kinderbetreuung in KiTas und Schule sind wichtig, damit sich Familien in M\u00fcnchhausen wohlf\u00fchlen, Eltern beruhigt arbeiten k\u00f6nnen, und ein gleichberechtigter Zugang zu Bildung sichergestellt ist. Damit wir in der Gemeindevertretung auch weiterhin \u00fcber die Anliegen und Sorgen der Eltern informiert sind, und auch diese bei Ver\u00e4nderungen und Entscheidungen miteinbeziehen k\u00f6nnen, m\u00f6chten wir einen regelm\u00e4\u00dfigen Austausch zwischen den kommunalen Gremien und den Elternvertreter*innen aus KiTas und Schule initiieren.<\/p>\n\n\n\n<button style=\"color: #CC9900; font-weight: bold;\" onclick=\"history.back()\">\u25c4 Zur\u00fcck<\/button>\n","protected":false},"excerpt":{"rendered":"<p>Kinderbetreuung in KiTas und Schule sind wichtig, damit sich Familien in M\u00fcnchhausen wohlf\u00fchlen, Eltern beruhigt arbeiten k\u00f6nnen, und ein gleichberechtigter Zugang zu Bildung sichergestellt ist. Damit wir in der Gemeindevertretung auch weiterhin \u00fcber die Anliegen und Sorgen der Eltern informiert sind, und auch diese bei Ver\u00e4nderungen und Entscheidungen miteinbeziehen k\u00f6nnen, m\u00f6chten wir einen regelm\u00e4\u00dfigen Austausch [&hellip;]<\/p>\n","protected":false},"author":1,"featured_media":0,"parent":1405,"menu_order":0,"comment_status":"closed","ping_status":"closed","template":"","meta":{"footnotes":""},"categories":[7],"tags":[],"class_list":["post-1622","page","type-page","status-publish","hentry","category-2026-wahl"],"_links":{"self":[{"href":"https:\/\/ugl-muenchhausen.de\/index.php?rest_route=\/wp\/v2\/pages\/1622","targetHints":{"allow":["GET"]}}],"collection":[{"href":"https:\/\/ugl-muenchhausen.de\/index.php?rest_route=\/wp\/v2\/pages"}],"about":[{"href":"https:\/\/ugl-muenchhausen.de\/index.php?rest_route=\/wp\/v2\/types\/page"}],"author":[{"embeddable":true,"href":"https:\/\/ugl-muenchhausen.de\/index.php?rest_route=\/wp\/v2\/users\/1"}],"replies":[{"embeddable":true,"href":"https:\/\/ugl-muenchhausen.de\/index.php?rest_route=%2Fwp%2Fv2%2Fcomments&post=1622"}],"version-history":[{"count":2,"href":"https:\/\/ugl-muenchhausen.de\/index.php?rest_route=\/wp\/v2\/pages\/1622\/revisions"}],"predecessor-version":[{"id":1627,"href":"https:\/\/ugl-muenchhausen.de\/index.php?rest_route=\/wp\/v2\/pages\/1622\/revisions\/1627"}],"up":[{"embeddable":true,"href":"https:\/\/ugl-muenchhausen.de\/index.php?rest_route=\/wp\/v2\/pages\/1405"}],"wp:attachment":[{"href":"https:\/\/ugl-muenchhausen.de\/index.php?rest_route=%2Fwp%2Fv2%2Fmedia&parent=1622"}],"wp:term":[{"taxonomy":"category","embeddable":true,"href":"https:\/\/ugl-muenchhausen.de\/index.php?rest_route=%2Fwp%2Fv2%2Fcategories&post=1622"},{"taxonomy":"post_tag","embeddable":true,"href":"https:\/\/ugl-muenchhausen.de\/index.php?rest_route=%2Fwp%2Fv2%2Ftags&post=1622"}],"curies":[{"name":"wp","href":"https:\/\/api.w.org\/{rel}","templated":true}]}}