{"id":41,"date":"2016-01-21T18:35:48","date_gmt":"2016-01-21T17:35:48","guid":{"rendered":"http:\/\/ugl-muenchhausen.de\/?page_id=41"},"modified":"2025-10-06T03:26:31","modified_gmt":"2025-10-06T01:26:31","slug":"muenchhausen","status":"publish","type":"page","link":"https:\/\/ugl-muenchhausen.de\/?page_id=41","title":{"rendered":"M\u00fcnchhausen"},"content":{"rendered":"<h3>Gemeinde M\u00fcnchhausen<a href=\"http:\/\/www.gemeinde-muenchhausen.de\" target=\"_blank\" rel=\"noopener\"><img loading=\"lazy\" decoding=\"async\" class=\"alignright\" src=\"https:\/\/ugl-muenchhausen.de\/bilder\/wappen.gif\" alt=\"\" width=\"85\" height=\"99\" align=\"right\" border=\"0\" \/><\/a><\/h3>\n<ul>\n<li><a href=\"https:\/\/ugl-muenchhausen.de\/?page id=41#ST\">Statistische Daten <\/a><\/li>\n<li><a href=\"https:\/\/ugl-muenchhausen.de\/?page id=41#GV\">Gemeindevorstand <\/a><\/li>\n<li><a href=\"https:\/\/ugl-muenchhausen.de\/?page id=41#GP\">Gemeindevertretung <\/a><\/li>\n<li><a href=\"https:\/\/ugl-muenchhausen.de\/?page id=41#OB\">Ortsbeir\u00e4te <\/a><\/li>\n<\/ul>\n<div align=\"center\">\n<p><b>siehe auch <a href=\"http:\/\/www.gemeinde-muenchhausen.de\" target=\"_blank\" rel=\"noopener\">www.gemeinde-muenchhausen.de<\/a><\/b><\/p>\n<\/div>\n<h4><a name=\"ST\"><\/a>Statistische Daten:<\/h4>\n<p><b>Einwohnerzahl (Quelle: <a href=\"https:\/\/statistik.hessen.de\/\" target=\"_blank\" rel=\"noopener\">Hess. Statistisches Landesamt<\/a>):<\/b><\/p>\n<ul>\n<li>31.12.2001 3735<img loading=\"lazy\" decoding=\"async\" class=\"alignright wp-image-1339 \" src=\"https:\/\/ugl-muenchhausen.de\/wp-content\/uploads\/2025\/10\/Einwohnerzahl2024.gif\" alt=\"\" width=\"425\" height=\"605\" \/><\/li>\n<li>31.12.2002 3733<\/li>\n<li>31.12.2003 3662<\/li>\n<li>31.12.2004 3605<\/li>\n<li>31.12.2005 3594<\/li>\n<li>31.12.2006 3524<\/li>\n<li>31.12.2007 3527<\/li>\n<li>31.12.2008 3506<\/li>\n<li>31.12.2009 3508<\/li>\n<li>31.12.2010 3477<\/li>\n<li>31.12.2011 3451<\/li>\n<li>31.12.2012 3457<\/li>\n<li>31.12.2013 3435<\/li>\n<li>31.12.2014 3412<\/li>\n<li>31.12.2015 3429<\/li>\n<li>31.12.2016 3349<\/li>\n<li>31.12.2017 3320<\/li>\n<li>31.12.2018 3308<\/li>\n<li>31.12.2019 3301<\/li>\n<li>31.12.2020 3286<\/li>\n<li>31.12.2021 3267<\/li>\n<li>31.12.2022 3315<\/li>\n<li>31.12.2023 3338<\/li>\n<li>31.12.2024 3243\u00a0 (Die Reduktion kommt aufgrund des umstrittenen Zensus 2022 zustande.)<\/li>\n<\/ul>\n<h4><a name=\"GV\"><\/a>Gemeindevorstand M\u00fcnchhausen:<\/h4>\n<p>B\u00fcrgermeister: Holger Siemon (parteilos)<br \/>\nErster Beigeordneter: Hans-Martin Seipp (Wollmar, SPD)<br \/>\nGerhard Dennes (Simtshausen, CDU)<br \/>\nMichael Jacobi (Oberasphe, SPD)<br \/>\nMathias Koch (Niederasphe, SPD)<br \/>\nUlrike Mann (Simtshausen, UGL)<br \/>\nJohannes Georg Schott (M\u00fcnchhausen, CDU)<\/p>\n<h4><a name=\"GP\"><\/a>Gemeindevertretung M\u00fcnchhausen 2021-2026:<\/h4>\n<p>Vorsitzender: Roland Wehner (SPD)<\/p>\n<p>CDU &#8211; 10 Sitze<br \/>\nSPD &#8211; 10 Sitze<br \/>\nUGL &#8211;\u00a0\u00a0 3 Sitze<\/p>\n<p><b><a name=\"OB\"><\/a><\/b>Die Ortsbeir\u00e4te in M\u00fcnchhausen, Niederasphe, Oberasphe, Simtshausen und Wollmar wurden aus einer Einheitsliste gew\u00e4hlt.<\/p>\n<h5>Ortsbeirat Simtshausen:<\/h5>\n<p>Ortsvorsteher: Michael Haubrok-Ter\u00f6rde<\/p>\n<p><b>Ortsbeirat M\u00fcnchhausen:<\/b><br \/>\nOrtsvorsteher: Dominique R\u00fcger<\/p>\n<h5>Ortsbeirat Niederasphe:<\/h5>\n<p>Ortsvorsteher: Roland Wehner<\/p>\n<h5>Ortsbeirat Oberasphe:<\/h5>\n<p>Ortsvorsteher: Achim M\u00fcller<\/p>\n<h5>Ortsbeirat Wollmar:<\/h5>\n<p>Ortsvorsteher: Wolfgang Henseling<\/p>\n","protected":false},"excerpt":{"rendered":"<p>Gemeinde M\u00fcnchhausen Statistische Daten Gemeindevorstand Gemeindevertretung Ortsbeir\u00e4te siehe auch www.gemeinde-muenchhausen.de Statistische Daten: Einwohnerzahl (Quelle: Hess. Statistisches Landesamt): 31.12.2001 3735 31.12.2002 3733 31.12.2003 3662 31.12.2004 3605 31.12.2005 3594 31.12.2006 3524 31.12.2007 3527 31.12.2008 3506 31.12.2009 3508 31.12.2010 3477 31.12.2011 3451 31.12.2012 3457 31.12.2013 3435 31.12.2014 3412 31.12.2015 3429 31.12.2016 3349 31.12.2017 3320 31.12.2018 3308 31.12.2019 3301 [&hellip;]<\/p>\n","protected":false},"author":1,"featured_media":0,"parent":0,"menu_order":3,"comment_status":"closed","ping_status":"closed","template":"","meta":{"footnotes":""},"categories":[],"tags":[],"class_list":["post-41","page","type-page","status-publish","hentry"],"_links":{"self":[{"href":"https:\/\/ugl-muenchhausen.de\/index.php?rest_route=\/wp\/v2\/pages\/41","targetHints":{"allow":["GET"]}}],"collection":[{"href":"https:\/\/ugl-muenchhausen.de\/index.php?rest_route=\/wp\/v2\/pages"}],"about":[{"href":"https:\/\/ugl-muenchhausen.de\/index.php?rest_route=\/wp\/v2\/types\/page"}],"author":[{"embeddable":true,"href":"https:\/\/ugl-muenchhausen.de\/index.php?rest_route=\/wp\/v2\/users\/1"}],"replies":[{"embeddable":true,"href":"https:\/\/ugl-muenchhausen.de\/index.php?rest_route=%2Fwp%2Fv2%2Fcomments&post=41"}],"version-history":[{"count":35,"href":"https:\/\/ugl-muenchhausen.de\/index.php?rest_route=\/wp\/v2\/pages\/41\/revisions"}],"predecessor-version":[{"id":1344,"href":"https:\/\/ugl-muenchhausen.de\/index.php?rest_route=\/wp\/v2\/pages\/41\/revisions\/1344"}],"wp:attachment":[{"href":"https:\/\/ugl-muenchhausen.de\/index.php?rest_route=%2Fwp%2Fv2%2Fmedia&parent=41"}],"wp:term":[{"taxonomy":"category","embeddable":true,"href":"https:\/\/ugl-muenchhausen.de\/index.php?rest_route=%2Fwp%2Fv2%2Fcategories&post=41"},{"taxonomy":"post_tag","embeddable":true,"href":"https:\/\/ugl-muenchhausen.de\/index.php?rest_route=%2Fwp%2Fv2%2Ftags&post=41"}],"curies":[{"name":"wp","href":"https:\/\/api.w.org\/{rel}","templated":true}]}}